{"id":8,"date":"2015-04-02T00:17:30","date_gmt":"2015-04-01T22:17:30","guid":{"rendered":"http:\/\/rmc-audio.home.pl\/RMC-biega\/?page_id=8"},"modified":"2017-01-31T21:46:01","modified_gmt":"2017-01-31T20:46:01","slug":"testy","status":"publish","type":"page","link":"https:\/\/rmc-biega.pl\/?page_id=8","title":{"rendered":"Testy"},"content":{"rendered":"<p style=\"text-align: justify;\">Mimo, \u017ce do biegu nie potrzeba praktycznie nic opr\u00f3cz ch\u0119ci, nie ma co ukrywa\u0107, \u017ce pewne gad\u017cety, sprz\u0119t i odzie\u017c potrafi\u0105 uczyni\u0107 go \u0142atwiejszym jak i du\u017co przyjemniejszym.<\/p>\n<p style=\"text-align: justify;\">W swojej biegowej karierze troch\u0119 ju\u017c &#8222;akcesorii&#8221; wypr\u00f3bowa\u0142em i postaram si\u0119 zamieszcza\u0107 opisy tego co mam i u\u017cywam. Mo\u017ce dla kogo\u015b te opisy b\u0119d\u0105 pomocne w zakupach nowych rzeczy.<br \/>\nU\u017cywam raczej sprz\u0119tu ta\u0144szego wi\u0119c my\u015bl\u0119, \u017ce b\u0119d\u0105 to propozycje dla przys\u0142owiowego Kowalskiego \ud83d\ude42 a nie tylko w\u0142a\u015bcicieli wypchanych portfeli.<br \/>\nWszystko co mam, mia\u0142em,\u00a0kupi\u0142em za w\u0142asne, ci\u0119\u017cko zarobione pieni\u0105dze wi\u0119c nie b\u0119d\u0105 to reklamy badziewia ale uczciwe opinie amatora bieg\u00f3w.<\/p>\n<p>Dla \u0142atwiejszego wyszukania co ju\u017c opisa\u0142em zapraszam do podstron:<br \/>\n<a href=\"http:\/\/rmc-biega.pl\/?page_id=839\"><img loading=\"lazy\" decoding=\"async\" class=\"aligncenter wp-image-832 size-full\" src=\"http:\/\/rmc-biega.pl\/wp-content\/uploads\/2017\/01\/Button_buty.jpg\" width=\"799\" height=\"144\" srcset=\"https:\/\/rmc-biega.pl\/wp-content\/uploads\/2017\/01\/Button_buty.jpg 799w, https:\/\/rmc-biega.pl\/wp-content\/uploads\/2017\/01\/Button_buty-300x54.jpg 300w, https:\/\/rmc-biega.pl\/wp-content\/uploads\/2017\/01\/Button_buty-768x138.jpg 768w\" sizes=\"auto, (max-width: 799px) 100vw, 799px\" \/><\/a><a href=\"http:\/\/rmc-biega.pl\/?page_id=837\"><img loading=\"lazy\" decoding=\"async\" class=\"aligncenter wp-image-833 size-full\" src=\"http:\/\/rmc-biega.pl\/wp-content\/uploads\/2017\/01\/Button_ciuchy.jpg\" width=\"800\" height=\"146\" srcset=\"https:\/\/rmc-biega.pl\/wp-content\/uploads\/2017\/01\/Button_ciuchy.jpg 800w, https:\/\/rmc-biega.pl\/wp-content\/uploads\/2017\/01\/Button_ciuchy-300x55.jpg 300w, https:\/\/rmc-biega.pl\/wp-content\/uploads\/2017\/01\/Button_ciuchy-768x140.jpg 768w\" sizes=\"auto, (max-width: 800px) 100vw, 800px\" \/><\/a><a href=\"http:\/\/rmc-biega.pl\/?page_id=835\"><img loading=\"lazy\" decoding=\"async\" class=\"aligncenter wp-image-831 size-full\" src=\"http:\/\/rmc-biega.pl\/wp-content\/uploads\/2017\/01\/Button_elektronika.jpg\" width=\"799\" height=\"144\" srcset=\"https:\/\/rmc-biega.pl\/wp-content\/uploads\/2017\/01\/Button_elektronika.jpg 799w, https:\/\/rmc-biega.pl\/wp-content\/uploads\/2017\/01\/Button_elektronika-300x54.jpg 300w, https:\/\/rmc-biega.pl\/wp-content\/uploads\/2017\/01\/Button_elektronika-768x138.jpg 768w\" sizes=\"auto, (max-width: 799px) 100vw, 799px\" \/><\/a><a href=\"http:\/\/rmc-biega.pl\/?page_id=841\"><img loading=\"lazy\" decoding=\"async\" class=\"aligncenter wp-image-834 size-full\" src=\"http:\/\/rmc-biega.pl\/wp-content\/uploads\/2017\/01\/Button_odzywianie.jpg\" width=\"800\" height=\"147\" srcset=\"https:\/\/rmc-biega.pl\/wp-content\/uploads\/2017\/01\/Button_odzywianie.jpg 800w, https:\/\/rmc-biega.pl\/wp-content\/uploads\/2017\/01\/Button_odzywianie-300x55.jpg 300w, https:\/\/rmc-biega.pl\/wp-content\/uploads\/2017\/01\/Button_odzywianie-768x141.jpg 768w\" sizes=\"auto, (max-width: 800px) 100vw, 800px\" \/><\/a><\/p>\n","protected":false},"excerpt":{"rendered":"<p>Mimo, \u017ce do biegu nie potrzeba praktycznie nic opr\u00f3cz ch\u0119ci, nie ma co ukrywa\u0107, \u017ce pewne gad\u017cety, sprz\u0119t i odzie\u017c potrafi\u0105 uczyni\u0107 go \u0142atwiejszym jak i du\u017co przyjemniejszym. W swojej biegowej karierze troch\u0119 ju\u017c &#8222;akcesorii&#8221; wypr\u00f3bowa\u0142em i postaram si\u0119 zamieszcza\u0107 opisy tego co mam i u\u017cywam. Mo\u017ce dla kogo\u015b te opisy b\u0119d\u0105 pomocne w zakupach &hellip; <a href=\"https:\/\/rmc-biega.pl\/?page_id=8\" class=\"more-link\">Czytaj dalej <span class=\"screen-reader-text\">Testy<\/span> <span class=\"meta-nav\">&rarr;<\/span><\/a><\/p>\n","protected":false},"author":1,"featured_media":0,"parent":0,"menu_order":3,"comment_status":"open","ping_status":"open","template":"","meta":{"_monsterinsights_skip_tracking":false,"_monsterinsights_sitenote_active":false,"_monsterinsights_sitenote_note":"","_monsterinsights_sitenote_category":0,"footnotes":""},"class_list":["post-8","page","type-page","status-publish","hentry"],"_links":{"self":[{"href":"https:\/\/rmc-biega.pl\/index.php?rest_route=\/wp\/v2\/pages\/8","targetHints":{"allow":["GET"]}}],"collection":[{"href":"https:\/\/rmc-biega.pl\/index.php?rest_route=\/wp\/v2\/pages"}],"about":[{"href":"https:\/\/rmc-biega.pl\/index.php?rest_route=\/wp\/v2\/types\/page"}],"author":[{"embeddable":true,"href":"https:\/\/rmc-biega.pl\/index.php?rest_route=\/wp\/v2\/users\/1"}],"replies":[{"embeddable":true,"href":"https:\/\/rmc-biega.pl\/index.php?rest_route=%2Fwp%2Fv2%2Fcomments&post=8"}],"version-history":[{"count":6,"href":"https:\/\/rmc-biega.pl\/index.php?rest_route=\/wp\/v2\/pages\/8\/revisions"}],"predecessor-version":[{"id":844,"href":"https:\/\/rmc-biega.pl\/index.php?rest_route=\/wp\/v2\/pages\/8\/revisions\/844"}],"wp:attachment":[{"href":"https:\/\/rmc-biega.pl\/index.php?rest_route=%2Fwp%2Fv2%2Fmedia&parent=8"}],"curies":[{"name":"wp","href":"https:\/\/api.w.org\/{rel}","templated":true}]}}